{"id":291,"date":"2011-06-27T12:36:21","date_gmt":"2011-06-27T10:36:21","guid":{"rendered":"http:\/\/ff-nitscha.at\/page\/?page_id=291"},"modified":"2017-06-27T12:18:59","modified_gmt":"2017-06-27T10:18:59","slug":"einsatzgebiet","status":"publish","type":"page","link":"https:\/\/ff-nitscha.at\/page\/?page_id=291","title":{"rendered":"Einsatzgebiet"},"content":{"rendered":"<p><iframe loading=\"lazy\" width=\"550\" height=\"400\" frameborder=\"0\" scrolling=\"no\" marginheight=\"0\" marginwidth=\"0\" src=\"https:\/\/maps.google.at\/maps\/ms?msa=0&amp;msid=216361256147868157840.0004a6af275ffdaa96aa3&amp;hl=de&amp;ie=UTF8&amp;ll=47.119288,15.747385&amp;spn=0.045498,0.0739&amp;t=h&amp;output=embed\"><\/iframe><br \/><small><a href=\"https:\/\/maps.google.at\/maps\/ms?msa=0&amp;msid=216361256147868157840.0004a6af275ffdaa96aa3&amp;hl=de&amp;ie=UTF8&amp;ll=47.119288,15.747385&amp;spn=0.045498,0.0739&amp;t=h&amp;source=embed\" target=\"_blank\">L\u00f6schbereich der FF Nitscha<\/a> auf einer gr\u00f6\u00dferen Karte anzeigen<\/small><\/p>\n","protected":false},"excerpt":{"rendered":"<p>L\u00f6schbereich der FF Nitscha auf einer gr\u00f6\u00dferen Karte anzeigen<\/p>\n","protected":false},"author":1,"featured_media":0,"parent":0,"menu_order":40,"comment_status":"closed","ping_status":"closed","template":"","meta":{"ngg_post_thumbnail":0,"footnotes":""},"class_list":["post-291","page","type-page","status-publish","hentry"],"_links":{"self":[{"href":"https:\/\/ff-nitscha.at\/page\/index.php?rest_route=\/wp\/v2\/pages\/291","targetHints":{"allow":["GET"]}}],"collection":[{"href":"https:\/\/ff-nitscha.at\/page\/index.php?rest_route=\/wp\/v2\/pages"}],"about":[{"href":"https:\/\/ff-nitscha.at\/page\/index.php?rest_route=\/wp\/v2\/types\/page"}],"author":[{"embeddable":true,"href":"https:\/\/ff-nitscha.at\/page\/index.php?rest_route=\/wp\/v2\/users\/1"}],"replies":[{"embeddable":true,"href":"https:\/\/ff-nitscha.at\/page\/index.php?rest_route=%2Fwp%2Fv2%2Fcomments&post=291"}],"version-history":[{"count":2,"href":"https:\/\/ff-nitscha.at\/page\/index.php?rest_route=\/wp\/v2\/pages\/291\/revisions"}],"predecessor-version":[{"id":18281,"href":"https:\/\/ff-nitscha.at\/page\/index.php?rest_route=\/wp\/v2\/pages\/291\/revisions\/18281"}],"wp:attachment":[{"href":"https:\/\/ff-nitscha.at\/page\/index.php?rest_route=%2Fwp%2Fv2%2Fmedia&parent=291"}],"curies":[{"name":"wp","href":"https:\/\/api.w.org\/{rel}","templated":true}]}}