{"id":297,"date":"2011-06-28T15:35:42","date_gmt":"2011-06-28T13:35:42","guid":{"rendered":"http:\/\/ff-nitscha.at\/page\/?page_id=297"},"modified":"2011-07-29T12:39:57","modified_gmt":"2011-07-29T10:39:57","slug":"rusthaus","status":"publish","type":"page","link":"https:\/\/ff-nitscha.at\/page\/?page_id=297","title":{"rendered":"Feuerwehrhaus"},"content":{"rendered":"<p>Nach 1,5 Jahren Bauzeit konnten wir unser neues R\u00fcsthaus im Juli 2011 beziehen. Es verbessert unsere Einsatzbereitschaft durch die zentrale Lage, zeitgem\u00e4\u00dfe Funktionalit\u00e4t und erh\u00f6ht somit unsere Effizienz. Auf einer Grundfl\u00e4che von ca. 500m\u00b2 befinden sich Werkst\u00e4tte, Fahrzeughalle, Mannschaftsraum, Kommunikationsraum, Kommandoraum, Atemschutzwerkstatt, Stiefelw\u00e4sche, eine K\u00fcche, Technikraum, ein Lager, Umkleideraum, Umkleideraum f\u00fcr Frauen sowie sanit\u00e4re Einrichtungen.<\/p>\n<p>Unsere Kameraden haben mit 3100 freiwilligen Arbeitsstunden erheblich zur Fertigstellung des Neubaus beigetragen.<\/p>\nngg_shortcode_0_placeholder\n","protected":false},"excerpt":{"rendered":"<p>Nach 1,5 Jahren Bauzeit konnten wir unser neues R\u00fcsthaus im Juli 2011 beziehen. Es verbessert unsere Einsatzbereitschaft durch die zentrale Lage, zeitgem\u00e4\u00dfe Funktionalit\u00e4t und erh\u00f6ht somit unsere Effizienz. Auf einer Grundfl\u00e4che von ca. 500m\u00b2 befinden sich Werkst\u00e4tte, Fahrzeughalle, Mannschaftsraum, Kommunikationsraum, Kommandoraum, Atemschutzwerkstatt, Stiefelw\u00e4sche, eine K\u00fcche, Technikraum, ein Lager, Umkleideraum, Umkleideraum f\u00fcr Frauen sowie sanit\u00e4re Einrichtungen. [&hellip;]<\/p>\n","protected":false},"author":1,"featured_media":0,"parent":0,"menu_order":0,"comment_status":"closed","ping_status":"closed","template":"","meta":{"ngg_post_thumbnail":0,"footnotes":""},"class_list":["post-297","page","type-page","status-publish","hentry"],"_links":{"self":[{"href":"https:\/\/ff-nitscha.at\/page\/index.php?rest_route=\/wp\/v2\/pages\/297","targetHints":{"allow":["GET"]}}],"collection":[{"href":"https:\/\/ff-nitscha.at\/page\/index.php?rest_route=\/wp\/v2\/pages"}],"about":[{"href":"https:\/\/ff-nitscha.at\/page\/index.php?rest_route=\/wp\/v2\/types\/page"}],"author":[{"embeddable":true,"href":"https:\/\/ff-nitscha.at\/page\/index.php?rest_route=\/wp\/v2\/users\/1"}],"replies":[{"embeddable":true,"href":"https:\/\/ff-nitscha.at\/page\/index.php?rest_route=%2Fwp%2Fv2%2Fcomments&post=297"}],"version-history":[{"count":0,"href":"https:\/\/ff-nitscha.at\/page\/index.php?rest_route=\/wp\/v2\/pages\/297\/revisions"}],"wp:attachment":[{"href":"https:\/\/ff-nitscha.at\/page\/index.php?rest_route=%2Fwp%2Fv2%2Fmedia&parent=297"}],"curies":[{"name":"wp","href":"https:\/\/api.w.org\/{rel}","templated":true}]}}