{"id":92,"date":"2011-05-30T08:37:51","date_gmt":"2011-05-30T06:37:51","guid":{"rendered":"http:\/\/ff-nitscha.at\/page\/?page_id=92"},"modified":"2021-08-02T10:46:33","modified_gmt":"2021-08-02T08:46:33","slug":"impressum","status":"publish","type":"page","link":"https:\/\/ff-nitscha.at\/page\/?page_id=92","title":{"rendered":"Impressum"},"content":{"rendered":"<p>Alle hier verwendeten Namen, Begriffe, Zeichen und Grafiken k\u00f6nnen Marken- oder Warenzeichen im Besitze ihrer rechtlichen Eigent\u00fcmer sein. Die Rechte aller erw\u00e4hnten und benutzten Marken- und Warenzeichen liegen ausschlie\u00dflich bei deren Besitzern.<\/p>\n<p><strong>Allgemeine Informationen:<br \/>\nFreiwillige Feuerwehr Nitscha<br \/>\n<\/strong>Nitscha 254<br \/>\n8200 Gleisdorf<br \/>\n0664 \/ 11 31 780<\/p>\n<p><a title=\"www.ff-nitscha.at\" href=\"http:\/\/www.ff-nitscha.at\" target=\"_blank\" rel=\"noopener\">www.ff-nitscha.at<\/a><\/p>\n<p><strong>Technisch Verantwortlicher:<\/strong><br \/>\nOLM d. V. Zink Stefan<br \/>\n<span id=\"enkoder_0_1735368469\"><span id=\"enkoder_1_1921551982\">Adresse wird sichtbar bei aktiviertem JavaScript<\/span><script type=\"text\/javascript\">\n\/* <!-- *\/\nfunction hivelogic_enkoder_1_1921551982() {\nvar kode=\"kode=\\\"110 114 103 104 64 37 114 110 104 103 95 37 64 98 110 98 114 98 103 98 104 98 64 95 37 95 95 62 98 44 98 95 95 98 98 95 95 95 42 95 95 95 95 98 98 95 95 95 42 95 95 61 98 44 98 52 98 48 98 107 98 119 98 106 98 113 98 104 98 111 98 49 98 104 98 103 98 114 98 110 98 43 98 119 98 68 98 117 98 100 98 107 98 102 98 49 98 104 98 103 98 114 98 110 98 66 98 107 98 119 98 106 98 113 98 104 98 111 98 49 98 104 98 103 98 114 98 110 98 63 98 108 98 43 98 46 98 123 98 64 98 104 98 103 98 114 98 110 98 128 98 44 98 108 98 43 98 119 98 68 98 117 98 100 98 107 98 102 98 49 98 104 98 103 98 114 98 110 98 46 98 44 98 52 98 46 98 108 98 43 98 119 98 68 98 117 98 100 98 107 98 102 98 49 98 104 98 103 98 114 98 110 98 64 98 46 98 123 98 126 98 44 98 53 98 64 98 46 98 108 98 62 98 44 98 52 98 48 98 107 98 119 98 106 98 113 98 104 98 111 98 49 98 104 98 103 98 114 98 110 98 43 98 63 98 108 98 62 98 51 98 64 98 108 98 43 98 117 98 114 98 105 98 62 98 95 95 98 98 95 95 95 42 95 95 95 95 98 98 95 95 95 42 95 95 64 98 123 98 62 98 95 95 98 98 95 95 95 37 95 95 62 98 95 95 98 98 95 95 95 37 95 95 95 95 98 98 95 95 95 95 95 95 44 98 95 95 98 98 95 95 95 95 95 95 95 95 98 98 95 95 95 95 95 95 65 98 50 98 100 98 95 95 98 98 95 95 95 95 95 95 95 95 98 98 95 95 95 95 95 95 63 98 100 98 119 98 100 98 49 98 102 98 107 98 119 98 118 98 113 98 108 98 105 98 48 98 127 98 105 127 108 98 113 98 103 98 112 98 65 98 100 98 95 95 98 98 95 95 95 37 95 95 95 95 98 98 95 95 95 95 95 95 95 95 98 98 95 95 95 95 95 95 95 95 98 98 95 95 95 95 95 95 119 98 95 95 98 98 95 95 95 95 95 95 95 95 98 98 95 95 95 95 95 95 49 98 100 98 107 98 100 98 118 98 102 98 108 98 119 98 48 98 113 98 105 98 105 98 113 98 127 98 112 127 108 98 100 98 103 98 114 98 61 98 111 98 119 98 100 98 108 98 95 95 98 98 95 95 95 37 95 95 95 95 98 98 95 95 95 95 95 95 112 98 64 98 95 95 98 98 95 95 95 95 95 95 95 95 98 98 95 95 95 95 95 95 104 98 105 98 107 98 117 98 100 98 35 98 95 95 98 98 95 95 95 95 95 95 95 95 98 98 95 95 95 95 95 95 63 98 43 98 95 95 98 98 95 95 95 37 95 95 95 95 98 98 95 95 95 95 95 95 119 98 104 98 117 98 108 98 49 98 122 98 113 98 119 98 112 98 104 98 102 98 120 98 103 98 114 98 95 95 98 98 95 95 95 37 95 95 64 98 104 98 103 98 114 98 110 98 95 95 98 98 95 37 98 62 98 110 98 114 98 103 98 104 98 64 98 110 98 114 98 103 98 104 98 49 98 118 98 115 98 111 98 108 98 119 98 43 95 42 95 95 95 95 98 98 95 42 98 44 98 49 98 117 98 104 98 121 98 104 98 117 98 118 98 104 98 43 98 44 98 49 98 109 98 114 98 108 98 113 98 43 95 42 95 95 95 95 98 98 95 42 98 44 98 62 62 95 37 64 123 95 42 95 42 105 62 117 114 108 43 51 64 108 62 110 63 103 114 49 104 104 111 106 113 107 119 108 62 64 46 44 53 108 126 43 105 114 110 104 103 102 49 100 107 68 117 43 119 44 108 64 64 127 95 42 41 95 42 110 41 103 114 49 104 107 102 117 100 119 68 108 43 52 46 64 44 95 42 64 95 42 127 126 44 46 123 95 42 64 95 42 67 104 128 118 111 126 104 46 123 110 64 103 114 49 104 107 102 117 100 119 68 108 43 128 44 110 128 103 114 64 104 62 123 37 62 123 64 42 42 62 105 114 117 43 108 64 51 62 108 63 43 110 114 103 104 49 111 104 113 106 119 107 48 52 44 62 108 46 64 53 44 126 123 46 64 110 114 103 104 49 102 107 100 117 68 119 43 108 46 52 44 46 110 114 103 104 49 102 107 100 117 68 119 43 108 44 128 110 114 103 104 64 123 46 43 108 63 110 114 103 104 49 111 104 113 106 119 107 66 110 114 103 104 49 102 107 100 117 68 119 43 110 114 103 104 49 111 104 113 106 119 107 48 52 44 61 42 42 44 62\\\";kode=kode.split(\\' \\');x=\\'\\';for(i=0;i<kode.length;i++){x+=String.fromCharCode(parseInt(kode[i]-3))}kode=x;\";var i,c,x;while(eval(kode));\n}\nhivelogic_enkoder_1_1921551982();\nvar span = document.getElementById('enkoder_1_1921551982');\nspan.parentNode.removeChild(span);\n\/* --> *\/\n<\/script><\/span><script type=\"text\/javascript\">\n\/* <!-- *\/\nfunction hivelogic_enkoder_0_1735368469() {\nvar kode=\"kode=\\\"110 114 103 104 64 37 110 98 114 98 103 98 104 98 64 98 95 37 98 114 98 110 98 104 98 103 98 95 95 98 95 37 98 64 98 110 98 114 98 103 98 104 98 95 95 98 95 37 98 95 95 98 95 95 98 103 98 64 98 102 98 114 98 112 98 120 98 113 98 104 98 49 98 119 98 117 98 122 98 119 98 108 98 95 95 98 95 95 98 104 98 95 95 98 95 95 98 95 95 98 95 37 98 63 98 95 95 98 95 95 98 95 95 98 95 95 98 43 98 95 95 98 95 95 98 95 95 98 95 95 98 100 98 95 95 98 95 95 98 107 98 35 98 104 98 117 98 95 95 98 95 95 98 105 98 95 95 98 95 95 98 95 95 98 95 95 98 112 98 95 95 98 95 95 98 95 95 98 95 95 98 64 98 95 95 98 95 95 98 95 95 98 95 37 98 100 98 95 95 98 95 95 98 111 98 108 98 114 98 119 98 100 98 61 98 112 98 103 98 113 98 108 98 105 98 127 127 48 98 105 98 108 98 113 98 118 98 119 98 107 98 102 98 49 98 100 98 95 95 98 95 95 98 100 98 95 95 98 95 95 98 95 95 98 95 95 98 95 95 98 95 95 98 95 95 98 95 95 98 119 98 95 95 98 95 95 98 95 95 98 95 95 98 95 95 98 95 95 98 95 95 98 95 95 98 95 95 98 95 95 98 95 95 98 95 95 98 100 98 112 98 95 95 98 95 37 98 113 98 65 98 105 98 103 98 48 98 108 98 108 98 127 127 118 98 105 98 107 98 113 98 49 98 119 98 119 98 102 98 63 98 100 98 95 95 98 95 95 98 100 98 95 95 98 95 95 98 95 95 98 95 95 98 50 98 95 95 98 95 95 98 95 95 98 95 95 98 100 98 65 98 95 95 98 95 95 98 95 95 98 95 95 98 44 98 95 95 98 95 95 98 95 95 98 95 95 98 95 95 98 95 95 98 95 95 98 95 37 98 95 95 98 95 95 98 95 95 98 95 95 98 62 98 95 95 98 95 37 98 62 98 123 98 95 95 98 95 42 98 95 95 98 95 95 98 62 98 64 98 95 95 98 95 42 98 95 95 98 95 95 98 105 98 114 98 117 98 43 98 108 98 64 98 51 98 62 98 108 98 63 98 43 98 110 98 114 98 103 98 104 98 49 98 111 98 104 98 113 98 106 98 119 98 107 98 48 98 52 98 44 98 62 98 108 98 46 98 64 98 53 98 44 98 126 98 123 98 46 98 64 98 110 98 114 98 103 98 104 98 49 98 102 98 107 98 100 98 117 98 68 98 119 98 43 98 108 98 46 98 52 98 44 98 46 98 110 98 114 98 103 98 104 98 49 98 102 98 107 98 100 98 117 98 68 98 119 98 43 98 108 98 44 98 128 98 110 98 114 98 103 98 104 98 64 98 123 98 46 98 43 98 108 98 63 98 110 98 114 98 103 98 104 98 49 98 111 98 104 98 113 98 106 98 119 98 107 98 66 98 110 98 114 98 103 98 104 98 49 98 102 98 107 98 100 98 117 98 68 98 119 98 43 98 110 98 114 98 103 98 104 98 49 98 111 98 104 98 113 98 106 98 119 98 107 98 48 98 52 98 44 98 61 98 95 95 98 95 42 98 95 95 98 95 95 98 95 95 98 95 42 98 95 95 98 95 95 98 44 98 62 98 62 98 95 95 98 95 37 98 64 98 123 98 95 95 98 95 42 98 95 95 98 95 42 98 105 98 62 98 117 98 114 98 108 98 43 98 51 98 64 98 108 98 62 98 43 98 63 98 114 98 110 98 104 98 103 98 111 98 49 98 113 98 104 98 119 98 106 98 48 98 107 98 44 98 52 98 108 98 62 98 64 98 46 98 44 98 53 98 123 98 126 98 64 98 46 98 114 98 110 98 104 98 103 98 102 98 49 98 100 98 107 98 68 98 117 98 43 98 119 98 46 98 108 98 44 98 52 98 110 98 46 98 103 98 114 98 49 98 104 98 107 98 102 98 117 98 100 98 119 98 68 98 108 98 43 98 128 98 44 98 114 98 110 98 104 98 103 98 123 98 64 98 43 98 46 98 63 98 108 98 114 98 110 98 104 98 103 98 111 98 49 98 113 98 104 98 119 98 106 98 66 98 107 98 114 98 110 98 104 98 103 98 102 98 49 98 100 98 107 98 68 98 117 98 43 98 119 98 114 98 110 98 104 98 103 98 111 98 49 98 113 98 104 98 119 98 106 98 48 98 107 98 44 98 52 98 95 95 98 95 42 98 61 98 44 98 95 95 98 95 42 98 62 98 95 37 98 62 98 123 98 64 98 95 42 98 95 42 98 62 98 105 98 114 98 117 98 43 98 108 98 64 98 51 98 62 98 108 98 63 98 43 98 110 98 114 98 103 98 104 98 49 98 111 98 104 98 113 98 106 98 119 98 107 98 48 98 52 98 44 98 62 98 108 98 46 98 64 98 53 98 44 98 126 98 123 98 46 98 64 98 110 98 114 98 103 98 104 98 49 98 102 98 107 98 100 98 117 98 68 98 119 98 43 98 108 98 46 98 52 98 44 98 46 98 110 98 114 98 103 98 104 98 49 98 102 98 107 98 100 98 117 98 68 98 119 98 43 98 108 98 44 98 128 98 110 98 114 98 103 98 104 98 64 98 123 98 46 98 43 98 108 98 63 98 110 98 114 98 103 98 104 98 49 98 111 98 104 98 113 98 106 98 119 98 107 98 66 98 110 98 114 98 103 98 104 98 49 98 102 98 107 98 100 98 117 98 68 98 119 98 43 98 110 98 114 98 103 98 104 98 49 98 111 98 104 98 113 98 106 98 119 98 107 98 48 98 52 98 44 98 61 98 95 42 98 95 42 98 44 98 62 98 37 62 123 64 42 42 62 105 114 117 43 108 64 51 62 108 63 110 114 103 104 49 111 104 113 106 119 107 62 108 46 64 53 44 126 108 105 43 110 114 103 104 49 102 107 100 117 68 119 43 108 44 64 64 42 127 42 41 41 110 114 103 104 49 102 107 100 117 68 119 43 108 46 52 44 64 64 42 127 42 44 126 123 46 64 42 67 42 128 104 111 118 104 126 123 46 64 110 114 103 104 49 102 107 100 117 68 119 43 108 44 128 128 110 114 103 104 64 123 62\\\";kode=kode.split(\\' \\');x=\\'\\';for(i=0;i<kode.length;i++){x+=String.fromCharCode(parseInt(kode[i]-3))}kode=x;\";var i,c,x;while(eval(kode));\n}\nhivelogic_enkoder_0_1735368469();\nvar span = document.getElementById('enkoder_0_1735368469');\nspan.parentNode.removeChild(span);\n\/* --> *\/\n<\/script><\/p>\n<p><strong><a href=\"http:\/\/ff-nitscha.at\/page\/?page_id=96\">Allgemeine Nutzungsbedingungen<\/a><\/strong><\/p>\n<p><a href=\"http:\/\/ff-nitscha.at\/page\/?page_id=98\"><strong>Erkl\u00e4rung zum Datenschutz (Privacy Policy)<\/strong><\/a><\/p>\n","protected":false},"excerpt":{"rendered":"<p>Alle hier verwendeten Namen, Begriffe, Zeichen und Grafiken k\u00f6nnen Marken- oder Warenzeichen im Besitze ihrer rechtlichen Eigent\u00fcmer sein. Die Rechte aller erw\u00e4hnten und benutzten Marken- und Warenzeichen liegen ausschlie\u00dflich bei deren Besitzern. Allgemeine Informationen: Freiwillige Feuerwehr Nitscha Nitscha 254 8200 Gleisdorf 0664 \/ 11 31 780 www.ff-nitscha.at Technisch Verantwortlicher: OLM d. V. Zink Stefan Adresse [&hellip;]<\/p>\n","protected":false},"author":1,"featured_media":0,"parent":0,"menu_order":90,"comment_status":"closed","ping_status":"closed","template":"","meta":{"ngg_post_thumbnail":0,"footnotes":""},"class_list":["post-92","page","type-page","status-publish","hentry"],"_links":{"self":[{"href":"https:\/\/ff-nitscha.at\/page\/index.php?rest_route=\/wp\/v2\/pages\/92","targetHints":{"allow":["GET"]}}],"collection":[{"href":"https:\/\/ff-nitscha.at\/page\/index.php?rest_route=\/wp\/v2\/pages"}],"about":[{"href":"https:\/\/ff-nitscha.at\/page\/index.php?rest_route=\/wp\/v2\/types\/page"}],"author":[{"embeddable":true,"href":"https:\/\/ff-nitscha.at\/page\/index.php?rest_route=\/wp\/v2\/users\/1"}],"replies":[{"embeddable":true,"href":"https:\/\/ff-nitscha.at\/page\/index.php?rest_route=%2Fwp%2Fv2%2Fcomments&post=92"}],"version-history":[{"count":3,"href":"https:\/\/ff-nitscha.at\/page\/index.php?rest_route=\/wp\/v2\/pages\/92\/revisions"}],"predecessor-version":[{"id":17480,"href":"https:\/\/ff-nitscha.at\/page\/index.php?rest_route=\/wp\/v2\/pages\/92\/revisions\/17480"}],"wp:attachment":[{"href":"https:\/\/ff-nitscha.at\/page\/index.php?rest_route=%2Fwp%2Fv2%2Fmedia&parent=92"}],"curies":[{"name":"wp","href":"https:\/\/api.w.org\/{rel}","templated":true}]}}